e a(-6). Let u be z(l). Suppose -2*m + u - 1 = 0. List the prime factors of m.
2
Let b = -3 - -2. Let x(q) = -12*q**3 - q. What are the prime factors of x(b)?
13
Let u(l) = -l + 2. Let w = 13 + -20. List the prime factors of u(w).
3
Let f(g) = -g**3 + 9*g**2 - 5*g - 8. Let u(k) = k**2 - 6*k + 8. Let s be u(6). What are the prime factors of f(s)?
2
Suppose 5*q = 3*p + 49 - 9, 0 = -4*q + p + 39. List the prime factors of q.
11
Suppose 238 + 1267 = -5*c - o, 5*c + 1525 = 3*o. List the prime factors of 10/45 + c/(-18).
17
Let b be 2/((-16)/10 - -2). Let g be 1 + -2 + 0 + 0. Let x = b + g. What are the prime factors of x?
2
Let h(q) = q + 3. Let o be h(5). Suppose f - 2*f = -o. Suppose -3*u + u = -f. List the prime factors of u.
2
Suppose 4*q = -3*f + 139, 2*q - 4*f - 67 = -3*f. Let j = q - 8. List the prime factors of j.
2, 13
Suppose -33 = -3*v - 3*k, k = 6*k + 25. What are the prime factors of v?
2
Let g be (2 + -4)*1/1*-1. Suppose 3*w - 4*w = 3. List the prime factors of (w/9)/(g/(-90)).
3, 5
Let o(r) = -r**3 + 5*r**2 - r + 2. Let c be o(3). Let n be 7/7 + (-2 - -1). Let s = c + n. List the prime factors of s.
17
Let k(x) = x + 2. Let l(q) = 2*q + 1. Let f be l(1). Let v be k(f). Suppose 0 = -v*h - 4*t + 30, 2*h + 0*t = 4*t - 16. What are the prime factors of h?
2
Suppose 0 = 5*b - 4*h - 11, 2*b - 3*h + 5*h + 10 = 0. List the prime factors of (b + -1 - -2) + 26.
2, 13
Suppose -4*z = -8, -2*p - 2*z + 820 = z. List the prime factors of p.
11, 37
Let b be (4 + -3)/((-2)/(-14)). What are the prime factors of b/2 - 1/2?
3
Let d(y) = y**3 - 11*y**2 - 12*y - 6. Let g be d(12). Let i(h) = -12*h - 20. What are the prime factors of i(g)?
2, 13
Let w(o) = -16*o - 8. What are the prime factors of w(-5)?
2, 3
Suppose 20 = -0*n + 2*n. Let r = n - 6. Let p = 13 + r. What are the prime factors of p?
17
Let w be (-39)/(-6) - (-2)/(-4). Let o be (-3)/(-9) + (-218)/w. What are the prime factors of (4/6)/((-2)/o)?
2, 3
Suppose x = 2*x - 23. List the prime factors of x.
23
Let x be (-2)/7 + (-48)/(-21). Let u be 1/x + (-11)/(-2). Let s = u + 0. List the prime factors of s.
2, 3
Let h(o) = 2*o**3 - 6*o**2 - 6*o - 3. List the prime factors of h(5).
67
Let r be (9/6)/((-15)/20). What are the prime factors of r/(-6) - (-64)/6?
11
Let y(b) = b**2 - b + 165. Let v be y(0). Suppose 7*x - v = 2*x. List the prime factors of x.
3, 11
Suppose 2*t - 2 = 0, -5*w + t + 3*t - 4 = 0. Let r = w - -4. List the prime factors of r.
2
Let w(i) = -i**3 + 7*i**2 + i - 2. Let d be w(3). List the prime factors of d/(4*(-4)/(-16)).
37
Let i(g) = -g + 71. What are the prime factors of i(22)?
7
Let a(r) = r - 3. Suppose 0 = 2*y + 3*o - 17 - 4, -3*y + 14 = o. Let x be (-60)/(-9) + (-2)/y. What are the prime factors of a(x)?
3
Let j be (-45)/(-10)*2/3. Suppose 11 = j*z - 31. What are the prime factors of z?
2, 7
What are the prime factors of 95 - (-7)/(21/(-9))?
2, 23
Let h = 202 + -41. What are the prime factors of h?
7, 23
Let n = 20 + 24. What are the prime factors of n?
2, 11
Let b = 100 - 89. Let m(x) = x**3 - 8*x**2 + 7*x + 3. Let l be m(7). Suppose 8*p - 19 = l*p - w, 4*p = -5*w + b. What are the prime factors of p?
2
Let b = 22 + -20. Suppose b*c - 5*c + 81 = 0. List the prime factors of c.
3
Let p = 136 - 77. List the prime factors of p.
59
Let p(n) = n + 12. Suppose 3*i = -10 - 14. List the prime factors of p(i).
2
Let y(n) = 2*n**2 + 2. Let z(b) = 4*b - 1. Let v be z(1). What are the prime factors of y(v)?
2, 5
Suppose 2*b - 3 = 3*s - 2*s, -5*s = -5. Suppose -4 - 56 = -5*d. Suppose -10 = -b*u + d. What are the prime factors of u?
11
Let l = -2 - -4. Let j = l - 2. Suppose 5*o + 0 - 75 = j. What are the prime factors of o?
3, 5
Suppose 0 = 3*m, j = -4*m + 43 + 154. Suppose 71 = 3*s + 2*q - 32, -5*s + j = -3*q. What are the prime factors of s?
37
List the prime factors of 63/5 + 10/25.
13
Suppose -4*t = t - 2*w, t = 5*w. List the prime factors of 4/12*(t + 18).
2, 3
Suppose 5*t - 56 = 104. What are the prime factors of t?
2
Let a = 21 - 7. List the prime factors of a.
2, 7
Suppose 2*c + 50 = 3*c + 3*v, 0 = c - 4*v - 29. List the prime factors of c.
41
Let b = 5 - 3. Suppose -5*d + 0*w = -w + 5, b*w - 3 = 3*d. What are the prime factors of (d/(-1))/((-1)/(-7))?
7
What are the prime factors of (4/(-3))/((-16)/408)?
2, 17
Let k be 261/((-12)/(-4)) - -3. Suppose -5*n + k = -60. List the prime factors of n.
2, 3, 5
Let k = -6 + 9. Suppose 3*c = 3*o + 2*o + 24, -k*o = -3*c + 30. List the prime factors of c.
13
Let t = 1 - -1. Let y be (-2 - -8)*2/t. What are the prime factors of 1*2*33/y?
11
What are the prime factors of -3 - (-16 + (-6)/2)?
2
Suppose -2*w + 2*m - 4*m + 134 = 0, -w + 65 = -m. List the prime factors of w.
2, 3, 11
Let r be 18 - (3 - 0/(-4)). List the prime factors of (-3 + 6 - 3) + r.
3, 5
Suppose 2*o + 5 = -5*n, -2*o = o - n - 1. Let d(h) = 3*h - 8. Let z be d(4). Suppose -5*f - a = -2*a - 50, o = -z*a. List the prime factors of f.
2, 5
Suppose 0 = 2*v + d + 17, 5*d - 2*d = 3*v + 48. Let h = 4 + -8. Let t = h - v. What are the prime factors of t?
7
Let i(c) = -2*c - 5. Let h(m) = -2*m + 12. Suppose -b + 18 = b. Let p be h(b). What are the prime factors of i(p)?
7
Let r(n) = -26*n**3 - 2*n**2 - 2*n - 1. What are the prime factors of r(-1)?
5
What are the prime factors of (-1 - -1) + 244 + -39?
5, 41
Let c = -11 + 26. List the prime factors of c.
3, 5
Let z(g) = g**3 - 4*g**2 + 12*g - 5. What are the prime factors of z(5)?
2, 5
Let b(v) = v. Let c(u) = -2*u + 8. Let j(o) = 3*b(o) + c(o). Suppose -3*w + 6 = -4*w. What are the prime factors of j(w)?
2
Let d be (3/2)/(3/4). Suppose -a - d*a - 2*r + 28 = 0, -25 = -2*a + 5*r. Let m(v) = -v**2 + 11*v - 1. What are the prime factors of m(a)?
3
Suppose -3*j = -4*q + 3, -q + 2*q - 2*j + 3 = 0. What are the prime factors of -1 + (q - (-3 - 18))?
23
Let f(w) = 10*w - 6. List the prime factors of f(4).
2, 17
Suppose i + 2*i = -4*p + 142, -2*i = 4*p - 140. List the prime factors of p.
2, 17
Let s(t) = 81*t**2 + 4*t - 4. What are the prime factors of s(1)?
3
Let p(r) = r**3 + 13*r**2 + 11*r + 13. List the prime factors of p(-12).
5
Let b(w) = -16*w**3 - 9*w**2 - 9*w + 6. Let a(f) = -3*f**3 - 2*f**2 - 2*f + 1. Let j(u) = 11*a(u) - 2*b(u). Let y = 4 + -7. What are the prime factors of j(y)?
2
Let q(g) = 8*g + 1. Suppose 10 + 4 = -t - 4*o, 5*t + 3*o + 19 = 0. Let d be ((-1)/3)/(t/6). List the prime factors of q(d).
3
Let a be (-2)/4*4*-3. Suppose -a = -2*v + 28. Suppose 33 = 5*f - l, 2*l - 1 = -4*f + v. List the prime factors of f.
2, 3
Suppose 5*a + 5 = -5, 2*j + 2 = 3*a. What are the prime factors of (1 - (-2 - j)) + 41?
2, 5
Let x = 3 + 1. Suppose -5*l - 4*s + 37 = 0, x*l - s = 1 + 16. Suppose -l*y + 4*k + 50 = -k, 3*k = -y + 2. List the prime factors of y.
2
Let k(h) = 12 + 14*h - 3*h - 2*h**2 + h**2 + 0*h. List the prime factors of k(11).
2, 3
Let p = -26 - -28. Suppose 4*d = -0*d - p*z + 206, 4*d = -5*z + 191. What are the prime factors of d?
2, 3
Suppose -80 = -4*c + i, c + 4*i - 2*i - 29 = 0. What are the prime factors of c?
3, 7
Suppose 0 = -o + 7 - 41. Let t = -6 - o. Let k = t - 11. List the prime factors of k.
17
Suppose -5 = l - 15. List the prime factors of l.
2, 5
Suppose 34 = l + 1. List the prime factors of l.
3, 11
Suppose -y + 1 + 4 = 0. Suppose y*q - 30 = -0*q. Let v(c) = -c**3 + 5*c**2 + 7*c + 7. List the prime factors of v(q).
13
Let b(y) = y + 1. Let w be b(-4). Let c(g) be the third derivative of -g**6/120 - g**5/30 - g**4/8 + g**3/6 - 29*g**2. What are the prime factors of c(w)?
19
Let b(p) = p**3 + 4*p**2 - 5*p + 4. Let x be b(-5). Suppose g = -a + 6*g + 43, 92 = x*a - 4*g. What are the prime factors of a?
2, 3
Let o(s) = -s**3 + 2*s**2 + s + 1. Let u be o(2). List the prime factors of -2*1/(-2) + u.
2
Let b(r) = -r - 1. Let c be b(-5). Let i be c/14 + 60/(-14). What are the prime factors of ((-63)/(-6))/((-2)/i)?
3, 7
Let g = -15 + 14. Let o = 31 - g. What are the prime factors of o?
2
Suppose -12*p + 702 = -10*p. What are the prime factors of p?
3, 13
List the prime factors of 6*(140/6 - (0 - 2)).
2, 19
Let m be ((-6)/12)/((-2)/(-4)). Let u be (-4 - -2) + (-6)/m. List the prime factors of (-2 - (-17)/u)*4.
3
Let m = 25 - 13. What are the prime factors of m?
2, 3
Let k(a) = 2*a - 2. Let j be k(3). Suppose -j*m =